{"id":15364,"date":"2021-08-12T17:48:52","date_gmt":"2021-08-12T17:48:52","guid":{"rendered":"https:\/\/123savers.com\/index.php\/product\/adidas-excel-backpack\/"},"modified":"2021-08-12T17:48:54","modified_gmt":"2021-08-12T17:48:54","slug":"adidas-excel-backpack","status":"publish","type":"product","link":"https:\/\/123savers.com\/index.php\/product\/adidas-excel-backpack\/","title":{"rendered":"adidas Excel Backpack"},"content":{"rendered":"<p><!-- show up to 2 reviews by default --> <\/p>\n<p>Head back to university in style. Added bonus &#8211; tons of great storage and features to keep you organized throughout the year. Lifetime warranty &#8211; built to last. 4 outdoor zippered pockets to arrange your gear. Soft, lined 15.4 inch computer and tablet pockets. Durable material &#8211; built to get up to wear and tear. XL size to carry the whole lot you wish to have for the day. Load spring shoulder straps to ease the load. Internal zippered organization pockets. Padded air mesh back panel for total comfort. Two water bottle pockets. Imported<\/p>\n<p>\u05d7\u05d6\u05e8\u05d5 \u05dc\u05d1\u05d9\u05ea \u05d4\u05e1\u05e4\u05e8 \u05d1\u05e1\u05d8\u05d9\u05d9\u05dc. \u05d1\u05d5\u05e0\u05d5\u05e1 \u05e0\u05d5\u05e1\u05e3 &#8211; \u05d8\u05d5\u05e0\u05d5\u05ea \u05e9\u05dc \u05d0\u05d7\u05e1\u05d5\u05df \u05de\u05e2\u05d5\u05dc\u05d4 \u05d5\u05ea\u05db\u05d5\u05e0\u05d5\u05ea \u05e9\u05d9\u05e9\u05de\u05e8\u05d5 \u05e2\u05dc\u05d9\u05db\u05dd \u05de\u05d0\u05d5\u05e8\u05d2\u05e0\u05d9\u05dd \u05dc\u05d0\u05d5\u05e8\u05da \u05db\u05dc \u05d4\u05e9\u05e0\u05d4. \u05d0\u05d7\u05e8\u05d9\u05d5\u05ea \u05dc\u05db\u05dc \u05d4\u05d7\u05d9\u05d9\u05dd &#8211; \u05d1\u05e0\u05d5\u05d9 \u05dc\u05d4\u05d7\u05d6\u05d9\u05e7 \u05de\u05e2\u05de\u05d3 \u05dc\u05d0\u05d5\u05e8\u05da \u05d6\u05de\u05df. 4 \u05db\u05d9\u05e1\u05d9\u05dd \u05d7\u05d9\u05e6\u05d5\u05e0\u05d9\u05d9\u05dd \u05e2\u05dd \u05e8\u05d5\u05db\u05e1\u05df \u05dc\u05d0\u05e8\u05d2\u05d5\u05df \u05d4\u05e6\u05d9\u05d5\u05d3 \u05e9\u05dc\u05db\u05dd. \u05db\u05d9\u05e1\u05d9 \u05de\u05d7\u05e9\u05d1 \u05d5\u05d8\u05d0\u05d1\u05dc\u05d8 \u05e8\u05db\u05d9\u05dd \u05e2\u05dd \u05d1\u05d8\u05e0\u05d4 \u05d1\u05d2\u05d5\u05d3\u05dc 15.4 \u05d0\u05d9\u05e0\u05e5&#8217;. \u05d7\u05d5\u05de\u05e8 \u05e2\u05de\u05d9\u05d3 &#8211; \u05d1\u05e0\u05d5\u05d9 \u05dc\u05e2\u05de\u05d5\u05d3 \u05d1\u05e4\u05e0\u05d9 \u05d1\u05dc\u05d0\u05d9 \u05d5\u05e9\u05d7\u05d9\u05e7\u05d4. \u05d2\u05d5\u05d3\u05dc XL \u05db\u05d3\u05d9 \u05dc\u05d4\u05d7\u05d6\u05d9\u05e7 \u05d0\u05ea \u05db\u05dc \u05de\u05d4 \u05e9\u05d0\u05ea\u05d4 \u05e6\u05e8\u05d9\u05da \u05d1\u05de\u05e9\u05da \u05d4\u05d9\u05d5\u05dd. \u05d4\u05e2\u05de\u05d9\u05e1\u05d5 \u05d0\u05ea \u05e8\u05e6\u05d5\u05e2\u05d5\u05ea \u05d4\u05db\u05ea\u05e3 \u05d4\u05e7\u05e4\u05d9\u05e6\u05d9\u05d5\u05ea \u05db\u05d3\u05d9 \u05dc\u05d4\u05e7\u05dc \u05e2\u05dc \u05d4\u05de\u05e9\u05e7\u05dc. \u05db\u05d9\u05e1\u05d9 \u05d0\u05e8\u05d2\u05d5\u05df \u05e4\u05e0\u05d9\u05de\u05d9\u05d9\u05dd \u05e2\u05dd \u05e8\u05d5\u05db\u05e1\u05df. \u05e4\u05d0\u05e0\u05dc \u05d0\u05d7\u05d5\u05e8\u05d9 \u05de\u05e8\u05d5\u05e4\u05d3 \u05de\u05e8\u05e9\u05ea \u05d0\u05d5\u05d5\u05d9\u05e8 \u05dc\u05e0\u05d5\u05d7\u05d5\u05ea \u05de\u05d5\u05d7\u05dc\u05d8\u05ea. \u05e9\u05e0\u05d9 \u05db\u05d9\u05e1\u05d9\u05dd \u05dc\u05d1\u05e7\u05d1\u05d5\u05e7\u05d9 \u05de\u05d9\u05dd. \u05de\u05d9\u05d5\u05d1\u05d0<\/p>\n<p>Gehen Sie mit Stil zur\u00fcck in die Schule. Zus\u00e4tzlicher Bonus \u2013 viel Stauraum und Funktionen, um Sie das ganze Jahr \u00fcber zu organisieren. Lebenslange Garantie \u2013 gebaut, um zu halten. 4 Au\u00dfentaschen mit Rei\u00dfverschluss, um Ihre Ausr\u00fcstung zu organisieren. Weiche, gef\u00fctterte 15,4 Zoll Computer- und Tablet-Taschen. Langlebiges Material \u2013 gebaut, um Verschlei\u00df zu widerstehen. XL-Gr\u00f6\u00dfe f\u00fcr alles, was once Sie f\u00fcr den Tag brauchen. Belastungsfeder-Schultergurte, um das Gewicht zu erleichtern. Innentasche mit Rei\u00dfverschluss. Gepolstertes Air-Mesh-R\u00fcckenteil f\u00fcr absoluten Komfort. Zwei Taschen f\u00fcr Wasserflaschen. Importiert<\/p>\n<p>\u062a\u0648\u062c\u0647\u064a \u0625\u0644\u0649 \u0627\u0644\u0645\u062f\u0631\u0633\u0629 \u0628\u0623\u0646\u0627\u0642\u0629. \u0645\u0643\u0627\u0641\u0623\u0629 \u0625\u0636\u0627\u0641\u064a\u0629 &#8211; \u0627\u0644\u0643\u062b\u064a\u0631 \u0645\u0646 \u0627\u0644\u0645\u064a\u0632\u0627\u062a \u0648\u0627\u0644\u062a\u062e\u0632\u064a\u0646 \u0627\u0644\u0631\u0627\u0626\u0639\u0629 \u0644\u062a\u0628\u0642\u064a\u0643 \u0645\u0646\u0638\u0645\u064b\u0627 \u0637\u0648\u0627\u0644 \u0627\u0644\u0639\u0627\u0645. \u0636\u0645\u0627\u0646 \u0645\u062f\u0649 \u0627\u0644\u062d\u064a\u0627\u0629 &#8211; \u0645\u0635\u0645\u0645 \u0644\u064a\u062f\u0648\u0645 \u0637\u0648\u064a\u0644\u0627\u064b. 4 \u062c\u064a\u0648\u0628 \u062e\u0627\u0631\u062c\u064a\u0629 \u0628\u0633\u062d\u0627\u0628 \u0644\u062a\u0646\u0638\u064a\u0645 \u0645\u0639\u062f\u0627\u062a\u0643. \u062c\u064a\u0648\u0628 \u0646\u0627\u0639\u0645\u0629 \u0648\u0645\u0628\u0637\u0646\u0629 15.4 \u0627\u0646\u0634 \u0644\u0644\u0643\u0645\u0628\u064a\u0648\u062a\u0631 \u0648\u0627\u0644\u062a\u0627\u0628\u0644\u062a \u0645\u0627\u062f\u0629 \u0645\u062a\u064a\u0646\u0629 &#8211; \u0645\u0635\u0645\u0645\u0629 \u0644\u062a\u062d\u0645\u0644 \u0627\u0644\u0628\u0644\u0649 \u0648\u0627\u0644\u062a\u0645\u0632\u0642. \u0645\u0642\u0627\u0633 XL \u0644\u062d\u0645\u0644 \u0643\u0644 \u0645\u0627 \u062a\u062d\u062a\u0627\u062c\u0647 \u0637\u0648\u0627\u0644 \u0627\u0644\u064a\u0648\u0645. \u0642\u0645 \u0628\u062a\u062d\u0645\u064a\u0644 \u0623\u062d\u0632\u0645\u0629 \u0627\u0644\u0643\u062a\u0641 \u0627\u0644\u0632\u0646\u0628\u0631\u0643\u064a\u0629 \u0644\u062a\u062e\u0641\u064a\u0641 \u0627\u0644\u0648\u0632\u0646. \u062c\u064a\u0648\u0628 \u062a\u0646\u0638\u064a\u0645 \u062f\u0627\u062e\u0644\u064a\u0629 \u0628\u0633\u062d\u0627\u0628. \u0644\u0648\u062d\u0629 \u062e\u0644\u0641\u064a\u0629 \u0634\u0628\u0643\u064a\u0629 \u0647\u0648\u0627\u0626\u064a\u0629 \u0645\u0628\u0637\u0646\u0629 \u0644\u0631\u0627\u062d\u0629 \u062a\u0627\u0645\u0629. \u062c\u064a\u0628\u0627\u0646 \u0644\u0632\u062c\u0627\u062c\u0627\u062a \u0627\u0644\u0645\u064a\u0627\u0647. \u0645\u0633\u062a\u0648\u0631\u062f<\/p>\n<p>Volte \u00e0s aulas com estilo. B\u00f4nus adicional \u2013 toneladas de \u00f3timo armazenamento e recursos para manter voc\u00ea organizado durante todo o ano. Garantia vital\u00edcia \u2013 feito para durar. 4 bolsos externos com z\u00edper para organizar o seu equipamento. Bolsos macios e forrados para computador e tablet de 15,4 polegadas. Material dur\u00e1vel \u2013 feito para resistir ao desgaste. Tamanho GG para guardar tudo o que voc\u00ea precisa para o dia. Carregue as al\u00e7as de mola para aliviar o peso. Bolsos internos de organiza\u00e7\u00e3o com z\u00edper. Painel traseiro de malha acolchoada para conforto total. Dois bolsos para garrafa de \u00e1gua. Importado<\/p>\n<p>\u56de\u5230\u5b78\u6821\u98a8\u683c\u3002 \u589e\u52a0\u984d\u5916\u597d\u8655 &#8211; \u5927\u91cf\u7d55\u4f73\u7684\u5132\u5b58\u7a7a\u9593\u548c\u529f\u80fd,\u8b93\u60a8\u6574\u5e74\u90fd\u4e95\u7136\u6709\u5e8f\u3002 \u7d42\u8eab\u4fdd\u56fa &#8211; \u7d93\u4e45\u8010\u7528\u3002 4 \u500b\u5916\u90e8\u62c9\u934a\u53e3\u888b,\u53ef\u6536\u7d0d\u60a8\u7684\u88dd\u5099\u3002 \u67d4\u8edf\u3001\u5167\u896f\u7684 15.4 \u540b\u96fb\u8166\u548c\u5e73\u677f\u96fb\u8166\u53e3\u888b\u3002 \u8010\u7528\u6750\u8cea &#8211; \u53ef\u627f\u53d7\u78e8\u640d\u3002 XL \u5c3a\u5bf8,\u53ef\u5bb9\u7d0d\u60a8\u4e00\u5929\u6240\u9700\u7684\u4e00\u5207\u3002 \u88dd\u8f09\u5f48\u7c27\u80a9\u5e36\u4ee5\u6e1b\u8f15\u91cd\u91cf\u3002 \u5167\u90e8\u62c9\u934a\u6536\u7d0d\u53e3\u888b\u3002 \u52a0\u588a\u900f\u6c23\u7db2\u5e03\u80cc\u677f,\u975e\u5e38\u8212\u9069\u3002 \u5169\u500b\u6c34\u74f6\u888b\u3002 \u9032\u53e3<\/p>\n<p>\u65f6\u5c1a\u5730\u56de\u5230\u5b66\u6821\u3002 \u989d\u5916\u8d60\u54c1 &#8211; \u5927\u91cf\u5b58\u50a8\u548c\u529f\u80fd,\u8ba9\u60a8\u6574\u5e74\u4fdd\u6301\u4e95\u7136\u6709\u5e8f\u3002 \u7ec8\u8eab\u4fdd\u4fee &#8211; \u7ecf\u4e45\u8010\u7528\u3002 4 \u4e2a\u5916\u90e8\u62c9\u94fe\u53e3\u888b,\u53ef\u6536\u7eb3\u60a8\u7684\u88c5\u5907\u3002 \u67d4\u8f6f\u7684\u5185\u886c15.4\u82f1\u5bf8\u7535\u8111\u548c\u5e73\u677f\u7535\u8111\u53e3\u888b\u3002 \u8010\u7528\u6750\u6599 \u2013 \u53ef\u627f\u53d7\u78e8\u635f\u3002 XL \u7801\u53ef\u5bb9\u7eb3\u60a8\u5f53\u5929\u6240\u9700\u7684\u4e00\u5207\u3002 \u52a0\u8f7d\u5f39\u7c27\u80a9\u5e26\u4ee5\u51cf\u8f7b\u91cd\u91cf\u3002 \u5185\u90e8\u62c9\u94fe\u6574\u7406\u888b\u3002 \u52a0\u539a\u900f\u6c14\u7f51\u5e03\u80cc\u677f,\u5341\u5206\u8212\u9002\u3002 \u4e24\u4e2a\u6c34\u74f6\u888b\u3002 \u8fdb\u53e3<\/p>\n<p>\uc2a4\ud0c0\uc77c\uc744 \uac16\ucd94\uace0 \ud559\uad50\ub85c \ub3cc\uc544\uac00\uc138\uc694. \ucd94\uac00 \ubcf4\ub108\uc2a4 &#8211; \uc77c \ub144 \ub0b4\ub0b4 \uc815\ub9ac \uc815\ub3c8\uc774 \uac00\ub2a5\ud55c \uc218\ub9ce\uc740 \uc800\uc7a5 \uacf5\uac04\uacfc \uae30\ub2a5. &#8211; \uc7a5\ube44\ub97c \uc815\ub9ac\ud560 \uc218 \uc788\ub294 \uc678\ubd80 \uc9c0\ud37c \ud3ec\ucf13 4\uac1c. \ubd80\ub4dc\ub7ec\uc6b4 \uc548\uac10\uc758 39.1cm(15.4\uc778\uce58) \ucef4\ud4e8\ud130 \ubc0f \ud0dc\ube14\ub9bf \ud3ec\ucf13. \ub9c8\ubaa8\uc5d0 \uacac\ub51c \uc218 \uc788\ub294 \ub0b4\uad6c\uc131 \uc788\ub294 \uc18c\uc7ac\ub85c \uc81c\uc791\ub418\uc5c8\uc2b5\ub2c8\ub2e4. \ub9e4\uc77c \ud544\uc694\ud55c \ubaa8\ub4e0 \uac83\uc744 \ub2f4\uc744 \uc218 \uc788\ub294 XL \uc0ac\uc774\uc988 \uc785\ub2c8\ub2e4. \ubb34\uac8c\ub97c \uac00\ubccd\uac8c \ud558\uae30 \uc704\ud574 \uc2a4\ud504\ub9c1\uc774 \ub2ec\ub9b0 \uc5b4\uae68 \ub048\uc744 \uc7a5\ucc29\ud558\uc138\uc694. \uc9c0\ud37c\uac00 \ub2ec\ub9b0 \ub0b4\ubd80 \uc815\ub9ac \ud3ec\ucf13. \ub4b7\ud310\uc774 \ud328\ub529 \ucc98\ub9ac\ub41c \uc5d0\uc5b4 \uba54\uc2dc \uc18c\uc7ac\ub85c \uc774\ub8e8\uc5b4\uc838 \ucc29\uc6a9\uac10\uc774 \ud3b8\uc548\ud569\ub2c8\ub2e4. \ubb3c\ubcd1 \uc8fc\uba38\ub2c8 2\uac1c. &#8211; <\/p>\n<p>100% Polyester<br \/>\nImported<br \/>\nPolyester lining<br \/>\nZipper closure<br \/>\nLifetime warranty.<br \/>\n4 outdoor zippered pockets, internal organization, and 15.4&#8243; computer and tablet pockets.<br \/>\nXL size built with durable material &#8211; built to get up to wear and tear.<br \/>\nLoadSpring shoulder straps for added comfort.<br \/>\nTwo water bottle pockets.<br \/>\n<div class=\"main-cross-sell\" data-asin=\"B07YPBD2KY\">\n\n\t<div class=\"WooZone-cross-sell-loader\">\n\t\t<div>\n\t\t\t<div id=\"floatingBarsG\">\n\t\t\t\t<div class=\"blockG\" id=\"rotateG_01\"><\/div>\n\t\t\t\t<div class=\"blockG\" id=\"rotateG_02\"><\/div>\n\t\t\t\t<div class=\"blockG\" id=\"rotateG_03\"><\/div>\n\t\t\t\t<div class=\"blockG\" id=\"rotateG_04\"><\/div>\n\t\t\t\t<div class=\"blockG\" id=\"rotateG_05\"><\/div>\n\t\t\t\t<div class=\"blockG\" id=\"rotateG_06\"><\/div>\n\t\t\t\t<div class=\"blockG\" id=\"rotateG_07\"><\/div>\n\t\t\t\t<div class=\"blockG\" id=\"rotateG_08\"><\/div>\n\t\t\t<\/div>\n\t\t\t<div class=\"WooZone-cross-sell-loader-text\"><\/div>\n\t\t<\/div>\n\t<\/div>\n\n\t\t\n<\/div>\n<div style=\"clear:both;\"><\/div><\/p>\n","protected":false},"excerpt":{"rendered":"<p>100% Polyester<br \/>\nImported<br \/>\nPolyester lining<\/p>\n","protected":false},"featured_media":15365,"comment_status":"open","ping_status":"closed","template":"","meta":{"spay_email":""},"class_list":["post-15364","product","type-product","status-publish","has-post-thumbnail","hentry","product_cat-backpacks","product_cat-casual-daypacks","product_cat-clothing-shoes-and-jewelry","product_cat-luggage-and-travel-gear","pa_brand-visit-the-adidas-store"],"_links":{"self":[{"href":"https:\/\/123savers.com\/index.php\/wp-json\/wp\/v2\/product\/15364","targetHints":{"allow":["GET"]}}],"collection":[{"href":"https:\/\/123savers.com\/index.php\/wp-json\/wp\/v2\/product"}],"about":[{"href":"https:\/\/123savers.com\/index.php\/wp-json\/wp\/v2\/types\/product"}],"replies":[{"embeddable":true,"href":"https:\/\/123savers.com\/index.php\/wp-json\/wp\/v2\/comments?post=15364"}],"wp:featuredmedia":[{"embeddable":true,"href":"https:\/\/123savers.com\/index.php\/wp-json\/wp\/v2\/media\/15365"}],"wp:attachment":[{"href":"https:\/\/123savers.com\/index.php\/wp-json\/wp\/v2\/media?parent=15364"}],"curies":[{"name":"wp","href":"https:\/\/api.w.org\/{rel}","templated":true}]}}